98*b = -62091. List the prime factors of b.
3, 6899
Suppose 43461 = 7*d - 3107 - 18910. What are the prime factors of d?
2, 3, 1559
Let w(n) = 106*n**2 + 500*n - 37. What are the prime factors of w(11)?
18289
What are the prime factors of 6/(-12)*(-10 + 18) + 12721?
3, 157
Let k = 21675 - 7146. List the prime factors of k.
3, 29, 167
Let d = -55 - -59. Suppose 4*v - d*o + 8 = 0, -v = 5*o - 0*o - 28. Suppose v*m = 59 + 136. List the prime factors of m.
5, 13
Suppose -46*u - 273887 + 2651351 = 0. List the prime factors of u.
2, 3, 59, 73
Let l(r) = -r**3 - 13*r**2 - 5*r + 58. Let i be l(-12). List the prime factors of 8/(264/1378 + i/169).
2, 53
Let v be -10 + 25 - (6 - -18). Let b(f) = f**2 + 16*f - 3. Let x(m) = -12*m**2 - 176*m + 32. Let w(p) = -32*b(p) - 3*x(p). What are the prime factors of w(v)?
2, 3, 5
Suppose 4*v - 220 = 4*s, -16*v + 5*s = -13*v - 163. Suppose v*t = 64*t - 12104. What are the prime factors of t?
17, 89
Let y(b) = -31*b - 7 - 15 - 52*b**2 - 2*b - 2*b**3. List the prime factors of y(-26).
2, 11, 19
Suppose 9229*n - 4603*n - 1347552 = 4608*n. What are the prime factors of n?
2, 4679
Let b(h) = -h**3 - 19*h**2 + 55*h + 53. Let j be b(-22). Let i = j + 525. List the prime factors of i.
2, 5, 41
Suppose 0 = -0*r + 27*r - 594. Let n = r + 88. What are the prime factors of n?
2, 5, 11
Let n = 297 + -284. Suppose n*s = -3183 + 23931. List the prime factors of s.
2, 3, 7, 19
Suppose 0 = -5*q - 20, 4*w + 4*q = 2*q + 12. Let x(m) = 7*m + w*m + 30 - 14*m + m. List the prime factors of x(0).
2, 3, 5
Let a = -11434 + 16696. What are the prime factors of a?
2, 3, 877
Let f(i) = i**3 - 17*i**2 - 16*i - 46. Let g be f(18). List the prime factors of (-60)/(-25) - 2 - 9396/g.
2, 5, 47
Suppose 141*c - 128*c + 31289 = 296385. List the prime factors of c.
2, 2549
Let x(r) = -3*r - 14. Let v be x(-6). Suppose v*i = -4*i. Let g(b) = b**2 + 2*b + 103. What are the prime factors of g(i)?
103
Suppose 0 = 5*s - 2*w - 45, 5*s - 5*w - 7 = 23. Let g(v) = -s + 6 + 2*v + 3*v + 1. List the prime factors of g(6).
2, 13
Suppose -4*c = 2*q + 66, -3*c - 6 = 4*q + 51. Let f(v) = v**2 - 11*v - 1. Let l be f(6). Let h = c - l. List the prime factors of h.
2
Let h be 0 - -4 - 2 - 1/1. List the prime factors of 174/(-29) - (h + -977).
2, 5, 97
Suppose 3*h - 1843 = -39*w + 38*w, -h = 6. What are the prime factors of w?
1861
Let w(i) = 505*i - 1239. List the prime factors of w(5).
2, 643
Let k(p) be the second derivative of -p**4/3 - 5*p**3/6 - p**2 + 33*p. Let w be k(-2). What are the prime factors of 1*((w*1)/4 - -59)?
3, 19
Suppose -230 = -3*i - 2*i. Suppose -i*u + a + 1200 = -41*u, -2*u + 457 = -5*a. List the prime factors of u.
241
Suppose z - 2*z = -5*f - 2265, 3*f - 11409 = -5*z. List the prime factors of ((-4)/8)/(((-65)/z)/13).
2, 3, 19
Suppose -1613297 - 105333 = -151*x + 2687852. What are the prime factors of x?
2, 14591
Suppose -12469*j + 12462*j = -40488. What are the prime factors of j?
2, 3, 241
Let j be 2232/180 - (-2)/(-5). Suppose 408 - j = v - 3*q, -3*v + 4*q = -1183. List the prime factors of v.
3, 131
Let o(a) = 16*a + 60. Let u be o(-10). What are the prime factors of (-65140)/u + 6/10?
2, 163
Suppose -20*m + 461680 = 33960. What are the prime factors of m?
2, 17, 37
Let w be 1 - (26/(-16) - (-3)/(-8)). Let b(n) = 9*n**3 + 4*n**2 - 2*n - 2. What are the prime factors of b(w)?
271
Let c(q) = -4*q - 13. Let x be c(-4). Suppose x*n - 14 + 5 = 0. Suppose a + 20 = -5*l, -n*l + 3 = 4*a - 2. What are the prime factors of a?
5
Suppose -4*s - 435 = -19*s. Suppose 5*a + 5 = 0, -3*z = 2*z + 3*a + 28. Let k = s - z. What are the prime factors of k?
2, 17
Let j(r) = 41*r + 29. Let h be j(18). Suppose 2*c = -0*k + 3*k - h, -5*k + 2*c = -1285. List the prime factors of k.
7, 37
Let l(n) = -12*n + 40. Let b be l(-16). Suppose -i + 63 = -b. Suppose 4*q - i = 177. List the prime factors of q.
2, 59
Let w(n) = 25*n**3 - 2*n**2 - n. Let m be w(-1). Let d be 328/5 - m/65. Suppose -3*l + 138 = -d. List the prime factors of l.
2, 17
Suppose 0 = 19*y - 5619 + 2161. What are the prime factors of y?
2, 7, 13
Let k = 94 - 92. Let j = 157 - 57. Suppose -o = -k*o - 1, 2*o + j = 2*p. What are the prime factors of p?
7
Suppose 4*z - 30 = h + 24, 50 = 4*z - 3*h. List the prime factors of ((-35)/z)/(4/(-904)).
5, 113
Suppose 68103 = 9*x + 14*x. Suppose -16*f + 1407 + x = 0. What are the prime factors of f?
3, 7, 13
Let l(k) = k - 18. Let w be l(22). Suppose 0 = -w*f - x + 180 + 1761, 2400 = 5*f - 4*x. What are the prime factors of f?
2, 11
Suppose 2*k = -5*l + 26757, 0 = -5*k - 0*l - 4*l + 66833. List the prime factors of k.
31, 431
Let j(g) = 146*g**2 - 977*g - 101. What are the prime factors of j(19)?
2, 17021
Suppose 181 = -j + 182, 2*j = -5*s + 12867. What are the prime factors of s?
31, 83
Let m = 59 + -53. Suppose -m*s - 21 = 375. Let b = s + 110. List the prime factors of b.
2, 11
Let t(u) = -58*u**3 - 2*u**2 + u. Let y = -11 - -12. Let v be t(y). Let r = v - -137. List the prime factors of r.
2, 3, 13
Suppose -8 = 2*a - 2*x, -5*a + 5*x = 7*x + 6. Let u = 145 + a. List the prime factors of u.
11, 13
Let d = -10310 - -17635. List the prime factors of d.
5, 293
Let z be (-6578)/6 + (-12)/(-36). Let b be (-3)/(-6)*4 - z. Suppose -n = -7*n + b. What are the prime factors of n?
3, 61
Suppose 90*g - 56*g - 396644 = 0. What are the prime factors of g?
2, 19, 307
Suppose 2*j = 6, 4*t + j + 57 = 3*t. Let c = t - -64. Suppose -h - 496 = -3*i - 2*h, -c*i - h + 660 = 0. What are the prime factors of i?
2, 41
Let h(b) = 805*b**3 + 6*b**2 - 5*b - 8. Let k(a) = 1609*a**3 + 11*a**2 - 9*a - 15. Let i(q) = 5*h(q) - 3*k(q). What are the prime factors of i(-1)?
2, 401
Suppose 5*j - 3*q - 121495 - 134036 = 0, j + 2*q = 51101. What are the prime factors of j?
3, 5, 3407
Suppose 987*k - 60281 = -q + 984*k, -q + 60288 = -4*k. What are the prime factors of q?
2, 7, 2153
Let x(d) be the first derivative of -d**4/2 - 16*d**3/3 - 29*d**2/2 - 13*d - 140. What are the prime factors of x(-9)?
2, 5, 41
Let j(f) = 21*f**2 + 13*f + 9. Suppose 0 = 6*r + 4 - 22. Let y(u) = -11*u**2 - 7*u - 4. Let k(i) = r*j(i) + 5*y(i). What are the prime factors of k(4)?
151
Suppose -3*o = -5*x - 53445 - 13123, x = -4*o + 88765. Suppose 25*t = -14*t + o. List the prime factors of t.
569
Let f(r) = 7343*r + 1110. What are the prime factors of f(7)?
52511
Let l(v) = 3273*v - 14053. List the prime factors of l(20).
51407
Let z = 55 + -53. What are the prime factors of (1/1 - z)*-199?
199
Let z = -29988 + 92617. What are the prime factors of z?
7, 23, 389
Let a be ((0 - (-283)/(-2)) + 4)*4. Let z be ((-11)/1)/(3 + 424/(-142)). Let y = a - z. List the prime factors of y.
3, 7, 11
Let m(h) = 589*h + 498. List the prime factors of m(2).
2, 419
Suppose 0 = -28*f + 47*f - 76. Suppose -4*y = 4*b - 2540, -6*b + f*y = -8*b + 1268. List the prime factors of b.
2, 3, 53
Suppose 84*x + 51687 = 38862 + 786465. What are the prime factors of x?
2, 3, 5, 307
Suppose -24 = -5*j - j. Suppose 232 = -j*u + 64. Let p = 32 - u. List the prime factors of p.
2, 37
Let d(t) = -t**3 + 53*t**2 - 3*t + 28. What are the prime factors of d(49)?
5, 7, 271
Let g(l) = -14*l + 4*l**3 - 3*l**3 - 13 - 6*l**2 + 28*l. What are the prime factors of g(4)?
11
Suppose 2*z + 4*a - 372 = 528, -5*z = -2*a - 2202. What are the prime factors of z?
2, 13, 17
Suppose 9 = r + 2*r, 5*u + 4*r = 47. List the prime factors of (-4)/8 + ((-6111)/(-6))/u.
5, 29
Suppose -3*s - 3*o = -2*o + 25, -2*s + o - 25 = 0. Suppose -83*a + 2856 = -27*a. Let i = a + s. List the prime factors of i.
41
Let u(n) = -21*n**3 + 21*n**2 + 12*n**3 - 12*n - 9*n**2 - 5 + 10*n**3. List the prime factors of u(-10).
3, 5, 7
Let x be ((-4)/6)/(-2*(-4)/228). Let m(c) = -65*c + 68. List the prime factors of m(x).
1303
Suppose -2*b = 3*p - p - 6, 3*p + 11 = 2*b. Suppose -32 = b*v - 6*v. Suppose -v*n + 19*n = 336. List the prime factors of n.
2, 7
Let r = 188 - 185. Suppose 8*f + 55 = 5647. Suppose -r*c + f = -2*v, -6*c + 1165 = -c - v. What are the prime factors of c?
233
Let j(h) = 318*h - 20. Let k be j(5). Suppose -5*d + k + 800 = 0. Suppose -3*r - 3*n = -0*n - d, 2*n = 3*r - 469. List the prime factors of r.
157
Let i(k) be the second derivative of k**3 + 24*k**2 + 29*k. Let c be i(-8). Suppose 2*p + 